23 divide 309005?
True
Is 57851 a multiple of 41?
True
Is 648052 a multiple of 400?
False
Is 78204 a multiple of 601?
False
Is 13513051 a multiple of 177?
False
Is 80 a factor of 2279680?
True
Is 31 a factor of 1359251?
False
Is 71 a factor of 101814?
True
Does 32 divide 3348864?
True
Is 290 a factor of 251822?
False
Does 85 divide 299538?
False
Is 291 a factor of 135315?
True
Is 16 a factor of 18432?
True
Does 30 divide 2636580?
True
Is 1882967 a multiple of 446?
False
Is 2 a factor of 9297?
False
Is 289737 a multiple of 219?
True
Is 125767 a multiple of 7?
False
Is 478 a factor of 599783?
False
Is 690 a factor of 1147727?
False
Is 69 a factor of 361814?
False
Is 5205655 a multiple of 119?
True
Is 118 a factor of 362614?
True
Does 2021 divide 24921812?
False
Is 3 a factor of 182401?
False
Is 6175 a multiple of 140?
False
Is 112218 a multiple of 317?
True
Does 592 divide 4088817?
False
Is 172700 a multiple of 100?
True
Is 40 a factor of 126160?
True
Is 83 a factor of 2981897?
False
Is 187010 a multiple of 4?
False
Is 923864 a multiple of 92?
True
Is 16 a factor of 416113?
False
Is 87805 a multiple of 5?
True
Is 15949250 a multiple of 1144?
False
Is 48 a factor of 3802506?
False
Is 25 a factor of 9175?
True
Is 12944257 a multiple of 130?
False
Does 68 divide 258672?
True
Is 282 a factor of 19703622?
True
Does 18 divide 1036772?
False
Does 142 divide 20874?
True
Is 22089853 a multiple of 116?
False
Does 188 divide 49558?
False
Is 7 a factor of 51716?
True
Is 45 a factor of 1994236?
False
Does 804 divide 436878?
False
Does 130 divide 1486810?
True
Is 730028 a multiple of 2?
True
Is 11937964 a multiple of 600?
False
Is 133 a factor of 144172?
True
Is 9 a factor of 192837?
False
Does 39 divide 19628934?
True
Is 90 a factor of 57240?
True
Is 1124719 a multiple of 13?
False
Is 377020 a multiple of 28?
True
Is 1129644 a multiple of 13?
False
Does 8 divide 12097120?
True
Is 32 a factor of 246180?
False
Is 8272022 a multiple of 11?
True
Is 5248449 a multiple of 535?
False
Does 81 divide 151102?
False
Is 379 a factor of 10572963?
True
Is 781280 a multiple of 514?
True
Is 3231412 a multiple of 58?
True
Is 27625512 a multiple of 24?
True
Is 2 a factor of 2062426?
True
Does 23 divide 2485213?
False
Is 370359 a multiple of 29?
True
Is 120999 a multiple of 5?
False
Is 281106 a multiple of 414?
True
Is 14520 a multiple of 11?
True
Is 226 a factor of 34229?
False
Is 59049 a multiple of 103?
False
Is 6 a factor of 1104407?
False
Is 16 a factor of 5311984?
True
Is 117261 a multiple of 9?
True
Does 297 divide 764365?
False
Is 33 a factor of 2088650?
False
Is 898409 a multiple of 2?
False
Is 31 a factor of 273172?
True
Does 6 divide 1372986?
True
Does 48 divide 24008?
False
Is 107 a factor of 348568?
False
Does 6 divide 45666?
True
Is 325647 a multiple of 189?
True
Is 106 a factor of 150944?
True
Is 19440 a multiple of 27?
True
Does 5 divide 196881?
False
Is 77665 a multiple of 6?
False
Does 619 divide 19351797?
True
Is 3498623 a multiple of 63?
False
Does 38 divide 1503584?
True
Does 8 divide 26068?
False
Is 150416 a multiple of 316?
True
Is 4 a factor of 32730?
False
Does 76 divide 1403644?
True
Does 198 divide 400554?
True
Does 517 divide 2855307?
False
Is 4686552 a multiple of 108?
True
Is 1317 a factor of 23238694?
False
Is 53704 a multiple of 33?
False
Is 16 a factor of 603424?
True
Is 596 a factor of 159850?
False
Is 1322651 a multiple of 17?
True
Is 69 a factor of 93633?
True
Is 30 a factor of 39240?
True
Does 93 divide 917352?
True
Is 307 a factor of 337700?
True
Does 116 divide 78440?
False
Is 17 a factor of 8408989?
False
Is 10 a factor of 78417?
False
Is 8 a factor of 120912?
True
Is 1122 a factor of 4227696?
True
Does 80 divide 464400?
True
Is 327322 a multiple of 35?
False
Does 108 divide 2641680?
True
Is 2045 a multiple of 3?
False
Is 3115665 a multiple of 135?
True
Is 12 a factor of 51396?
True
Does 10 divide 1073250?
True
Is 13 a factor of 142713?
False
Is 202756 a multiple of 28?
False
Does 94 divide 168374?
False
Does 15 divide 3656582?
False
Is 80 a factor of 1495908?
False
Does 729 divide 2362689?
True
Does 17 divide 2079967?
True
Is 548 a factor of 72884?
True
Is 136 a factor of 25704?
True
Does 9 divide 149729?
False
Is 3 a factor of 430340?
False
Is 2012831 a multiple of 38?
False
Does 9 divide 446562?
True
Is 5108862 a multiple of 62?
True
Is 671255 a multiple of 24?
False
Is 19 a factor of 68171?
False
Is 3018846 a multiple of 337?
True
Is 64 a factor of 171136?
True
Does 749 divide 1400630?
True
Is 37 a factor of 297295?
True
Is 1679588 a multiple of 332?
True
Is 341968 a multiple of 160?
False
Is 42 a factor of 611146?
False
Does 654 divide 25731630?
True
Does 375 divide 593711?
False
Is 171 a factor of 644426?
False
Is 34 a factor of 149436?
False
Is 9482766 a multiple of 268?
False
Is 65 a factor of 297?
False
Does 229 divide 346935?
True
Is 59 a factor of 2177513?
True
Is 1566 a factor of 6453095?
False
Is 74 a factor of 8411644?
False
Does 23 divide 915833?
False
Is 5121077 a multiple of 132?
False
Is 173810 a multiple of 35?
True
Is 348245 a multiple of 8?
False
Is 86 a factor of 399900?
True
Is 2 a factor of 4816578?
True
Is 276669 a multiple of 50?
False
Is 439648 a multiple of 32?
True
Does 216 divide 731376?
True
Does 26 divide 464646?
True
Is 98432 a multiple of 16?
True
Is 453766 a multiple of 25?
False
Is 4630636 a multiple of 211?
False
Does 179 divide 935812?
True
Is 4679500 a multiple of 35?
True
Is 526471 a multiple of 121?
True
Does 94 divide 1826973?
False
Is 4 a factor of 754245?
False
Does 21 divide 6771442?
False
Is 4840961 a multiple of 380?
False
Does 810 divide 1246452?
False
Does 50 divide 451600?
True
Does 10 divide 2520005?
False
Does 18 divide 71694?
True
Is 119337 a multiple of 7?
False
Does 27 divide 93420?
True
Is 222425 a multiple of 31?
True
Does 185 divide 2127685?
True
Does 130 divide 48324?
False
Is 121200 a multiple of 100?
True
Is 8886 a multiple of 11?
False
Is 126132 a multiple of 46?
True
Does 130 divide 8301930?
True
Is 1020458 a multiple of 31?
True
Is 21780 a multiple of 45?
True
Is 219696 a multiple of 184?
True
Is 113 a factor of 1680783?
False
Is 148 a factor of 2186108?
True
Is 351087 a multiple of 33?
True
Does 189 divide 778585?
False
Does 18 divide 25992?
True
Is 15 a factor of 773610?
True
Is 274123 a multiple of 22?
False
Is 104 a factor of 1033737?
False
Does 490 divide 8298150?
True
Is 109 a factor of 327433?
False
Is 686608 a multiple of 13?
True
Does 196 divide 160720?
True
Is 624486 a multiple of 29?
True
Is 331 a factor of 1583835?
True
Is 570 a factor of 1263120?
True
Is 376 a factor of 1334048?
True
Is 85280 a multiple of 130?
True
Is 53 a factor of 39750?
True
Is 33 a factor of 573839?
False
Is 22 a factor of 885801?
False
Is 392950 a multiple of 50?
True
Is 68 a factor of 589764?
True
Is 68346 a multiple of 9?
True
Is 19 a factor of 1879729?
False
Does 15 divide 262534?
False
Is 77 a factor of 147840?
True
Does 43 divide 27348?
True
Is 2271830 a multiple of 22?
True
Is 4563990 a multiple of 30?
True
Does 89 divide 334401?
False
Is 432 a factor of 318246?
False
Is 49528 a multiple of 82?
True
Is 645975 a multiple of 33?
True
Is 1344 a factor of 16188480?
True
Is 4 a factor of 40196?
True
Is 21 a factor of 14511?
True
Is 172 a factor of 6342156?
True
Does 3 divide 26813?
False
Does 9 divide 3530439?
True
Does 2 divide 497646?
True
Is 3 a factor of 6293?
False
Does 158 divide 172170?
False
Is 11 a factor of 775453?
False
Is 127 a factor of 273632?
False
Does 55 divide 2618290?
False
Is 52052 a multiple of 16?
False
Does 341 divide 184140?
True
Does 114 divide 5936436?
True
Is 1913243 a multiple of 606?
False
Does 2 divide 1904?
True
Does 513 divide 15292017?
True
Does 14 divide 1783002?
False
Is 1119941 a multiple of 97?
False
Is 16 a factor of 400478?
False
Is 117 a factor of 4342648?
False
Is 295036 a multiple of 574?
True
Does 8 divide 69905?
False
Is 158 a factor of 1022892?
True
Is 66941 a multiple of 27?
False
Is 22 a factor of 313371?
False
Does 29 divide 12587?
False
Does 713 divide 5892689?
False
Does 22 divide 107932?
True
Is 2898220 a multiple of 142?
True
Does 93 divide 1666940?
False
Does 252 divide 2455628?
False
Is 14 a factor of 259616?
True
Does 149 divide 